culate the remainder when 9517 is divided by 3168.
13
Calculate the remainder when 4724 is divided by 397.
357
Calculate the remainder when 548944 is divided by 19605.
4
Calculate the remainder when 4180 is divided by 151.
103
What is the remainder when 6756 is divided by 2246?
18
Calculate the remainder when 1258 is divided by 624.
10
Calculate the remainder when 6127 is divided by 13.
4
What is the remainder when 48613 is divided by 118?
115
What is the remainder when 21193 is divided by 10590?
13
Calculate the remainder when 1698 is divided by 837.
24
Calculate the remainder when 10668 is divided by 3517.
117
Calculate the remainder when 3326 is divided by 57.
20
What is the remainder when 37066 is divided by 3705?
16
What is the remainder when 8734 is divided by 407?
187
Calculate the remainder when 3593 is divided by 318.
95
Calculate the remainder when 409887 is divided by 16.
15
Calculate the remainder when 175196 is divided by 160.
156
What is the remainder when 664 is divided by 246?
172
Calculate the remainder when 268324 is divided by 38332.
0
What is the remainder when 666459 is divided by 277?
274
Calculate the remainder when 5763 is divided by 21.
9
What is the remainder when 61722 is divided by 14?
10
Calculate the remainder when 11470 is divided by 5723.
24
Calculate the remainder when 166061 is divided by 55352.
5
Calculate the remainder when 74917 is divided by 17.
15
What is the remainder when 26088 is divided by 13000?
88
What is the remainder when 2728 is divided by 625?
228
What is the remainder when 700 is divided by 154?
84
Calculate the remainder when 56565 is divided by 14136.
21
What is the remainder when 529 is divided by 302?
227
Calculate the remainder when 30891 is divided by 30883.
8
What is the remainder when 23229 is divided by 751?
699
What is the remainder when 23881 is divided by 1695?
151
Calculate the remainder when 10621 is divided by 37.
2
Calculate the remainder when 1404 is divided by 710.
694
What is the remainder when 1430 is divided by 881?
549
What is the remainder when 6099 is divided by 113?
110
Calculate the remainder when 8506 is divided by 944.
10
Calculate the remainder when 16778 is divided by 84.
62
Calculate the remainder when 70269 is divided by 55.
34
What is the remainder when 98606 is divided by 12324?
14
Calculate the remainder when 4442 is divided by 444.
2
What is the remainder when 23711 is divided by 63?
23
Calculate the remainder when 1521 is divided by 454.
159
What is the remainder when 15163 is divided by 276?
259
What is the remainder when 80548 is divided by 1916?
76
Calculate the remainder when 393674 is divided by 95.
89
What is the remainder when 4656 is divided by 3?
0
Calculate the remainder when 4864 is divided by 459.
274
Calculate the remainder when 78797 is divided by 559.
537
What is the remainder when 6842 is divided by 107?
101
Calculate the remainder when 5781 is divided by 5089.
692
What is the remainder when 3768 is divided by 217?
79
What is the remainder when 11180 is divided by 5585?
10
Calculate the remainder when 23840 is divided by 91.
89
Calculate the remainder when 8170 is divided by 1361.
4
Calculate the remainder when 9600 is divided by 1980.
1680
What is the remainder when 13637 is divided by 6191?
1255
What is the remainder when 94347 is divided by 75?
72
What is the remainder when 1918 is divided by 1813?
105
Calculate the remainder when 548684 is divided by 220.
4
What is the remainder when 18972 is divided by 10?
2
What is the remainder when 11188 is divided by 5570?
48
What is the remainder when 383230 is divided by 40?
30
What is the remainder when 449433 is divided by 53?
46
Calculate the remainder when 65165 is divided by 74.
45
What is the remainder when 295472 is divided by 223?
220
Calculate the remainder when 32542 is divided by 339.
337
What is the remainder when 182634 is divided by 48?
42
What is the remainder when 309 is divided by 16?
5
Calculate the remainder when 136588 is divided by 34145.
8
What is the remainder when 156318 is divided by 32?
30
What is the remainder when 63205 is divided by 70?
65
Calculate the remainder when 184038 is divided by 1089.
1086
What is the remainder when 1998995 is divided by 1434?
1433
What is the remainder when 14737 is divided by 130?
47
What is the remainder when 15377 is divided by 4984?
425
Calculate the remainder when 1015843 is divided by 89.
86
Calculate the remainder when 2037 is divided by 493.
65
What is the remainder when 3214 is divided by 24?
22
What is the remainder when 34539 is divided by 44?
43
What is the remainder when 1296 is divided by 86?
6
Calculate the remainder when 147121 is divided by 36779.
5
What is the remainder when 23548 is divided by 16?
12
Calculate the remainder when 115371 is divided by 159.
96
What is the remainder when 1063465 is divided by 531730?
5
Calculate the remainder when 193907 is divided by 26.
25
What is the remainder when 11311 is divided by 5575?
161
Calculate the remainder when 637272 is divided by 29.
26
Calculate the remainder when 489640 is divided by 61.
54
What is the remainder when 26225 is divided by 13102?
21
Calculate the remainder when 131681 is divided by 170.
101
Calculate the remainder when 75 is divided by 8.
3
Calculate the remainder when 2366 is divided by 469.
21
Calculate the remainder when 87294 is divided by 43637.
20
What is the remainder when 385 is divided by 186?
13
Calculate the remainder when 17890 is divided by 14.
12
What is the remainder when 5708 is divided by 1132?
48
What is the remainder when 19411 is divided by 719?
717
Calculate the remainder when 19348 is divided by 22.
10
What is the remainder when 605476 is divided by 20?
16
What is the remainder when 31005 is divided by 24?
21
Calculate the remainder when 18028 is divided by 49.
45
What is the remainder when 49578 is divided by 43?
42
What is the remainder when 163107 is divided by 37?
11
Calculate the remainder when 1890 is divided by 628.
6
What is the remainder when 110 is divided by 71?
39
Calculate the remainder when 275942 is divided by 91966.
44
Calculate the remainder when 919094 is divided by 41.
38
Calculate the remainder when 32945 is divided by 13.
3
What is the remainder when 26622 is divided by 337?
336
What is the remainder when 59583 is divided by 8?
7
Calculate the remainder when 27080 is divided by 168.
32
Calculate the remainder when 3831 is divided by 4.
3
What is the remainder when 12550 is divided by 163?
162
Calculate the remainder when 24357 is divided by 12174.
9
What is the remainder when 20463 is divided by 929?
25
What is the remainder when 29524 is divided by 74?
72
What is the remainder when 17492 is divided by 5826?
14
Calculate the remainder when 354157 is divided by 217.
13
Calculate the remainder when 15799 is divided by 51.
40
Calculate the remainder when 43790 is divided by 14.
12
Calculate the remainder when 30406 is divided by 84.
82
What is the remainder when 25067 is divided by 8297?
176
Calculate the remainder when 1154 is divided by 18.
2
Calculate the remainder when 139812 is divided by 23301.
6
What is the remainder when 22721 is divided by 21?
20
Calculate the remainder when 398 is divided by 18.
2
Calculate the remainder when 883 is divided by 24.
19
What is the remainder when 129769 is divided by 403?
3
Calculate the remainder when 186115 is divided by 644.
643
What is the remainder when 6523 is divided by 376?
131
Calculate the remainder when 155058 is divided by 15500.
58
What is the remainder when 1692089 is divided by 520?
9
What is the remainder when 121676 is divided by 240?
236
What is the remainder when 452906 is divided by 39?
38
Calculate the remainder when 2928 is divided by 2548.
380
What is the remainder when 1906966 is divided by 42?
40
What is the remainder when 7695 is divided by 3846?
3
What is the remainder when 27416 is divided by 247?
246
What is the remainder when 15281 is divided by 1909?
9
Calculate the remainder when 3651478 is divided by 17.
14
What is the remainder when 10322 is divided by 303?
20
What is the remainder when 154895 is divided by 308?
279
What is the remainder when 77000 is divided by 19247?
12
What is the remainder when 4109 is divided by 1313?
170
What is the remai